14 = 0. Calculate the remainder when z is divided by 25.
23
Suppose q - 4 = -0. Let c = 336 + -326. What is the remainder when c is divided by q?
2
Suppose -656 = -5*y - 2*r, -258 - 117 = -3*y + 5*r. Let f = -252 - -264. Calculate the remainder when y is divided by f.
10
Suppose -26*s + 48*s - 2112 = 0. Calculate the remainder when 179 is divided by s.
83
Suppose j = 11*j - 200. What is the remainder when 2 + (-116)/(0 + -1) is divided by j?
18
Suppose 4*x = 4*c + 44, -2*x - 2*c + 17 + 21 = 0. Calculate the remainder when 43 is divided by x.
13
Suppose -2*v + p - 19 = 2*p, -1 = -v - 4*p. Let h = v + 26. What is the remainder when 6 is divided by (-9)/h*(-5 - 0)?
0
Let g(q) = -q - 2. Let d be g(-7). Suppose 0 = -3*a - 2*m + 89, 2*a + d*m + 58 = 3*a. What is the remainder when 65 is divided by a?
32
Suppose -5*g - 297 + 6 = -4*b, -2*g - 69 = -b. What is the remainder when b is divided by 26?
1
Let m = 18 + -21. Let a be 0 - (m - -1) - 3. What is the remainder when 1/((2/(-166))/a) is divided by 21?
20
Suppose 4*h + 3 - 7 = 0. What is the remainder when 41 is divided by (1/((-4)/112))/(h - 3)?
13
Suppose -17*z = -4*z - 1092. Let n = -64 + z. Calculate the remainder when 99 is divided by n.
19
Let z be (110/8)/5*-4. Let s = z - -13. What is the remainder when 21 is divided by 33/4 + s/(-8)?
5
Suppose -k + 23 = 2*i + i, 14 = 2*i + k. Suppose 5*n = 3*n + 64. Calculate the remainder when n is divided by i.
5
Suppose 0 = -3*v + x - 18, -3*v + 0*v + 5*x - 6 = 0. What is the remainder when 53 is divided by 30 + -1 - (v + 7 + 1)?
25
Let w(b) = -b**2 - 14*b - 6. Let n be ((-20)/1)/(-5) - 37. Let o = -22 - n. What is the remainder when w(-7) is divided by o?
10
What is the remainder when 196 is divided by (-225)/30*80/(-12)?
46
Suppose 2*w - j = 167, -2*w - 20*j + 15*j + 161 = 0. What is the remainder when w is divided by 17?
15
Let i = -108 + 108. Suppose -4*r + i*r = -324. What is the remainder when r is divided by 43?
38
Suppose -l - 2 = 0, 2*k - 338 = -11*l + 16*l. Calculate the remainder when k is divided by 55.
54
Let j(t) = 2*t**2 - t + 2. Let f be j(1). Let v = f + -1. What is the remainder when 2 - -36*2/v is divided by 13?
12
Suppose 40 = 5*u - r, 2*u - 8 = -0*r + 2*r. Suppose -5*p = a - 4 + 1, -5*p - u = -3*a. What is the remainder when 10 is divided by (-1)/(1*(-1)/a)?
1
Let l be (3 - 23 - -1) + 2. Let c = -14 - l. Suppose 0 = c*g + 1 - 7. Calculate the remainder when 5 is divided by g.
1
Suppose 13*t = 9*t + 52. Suppose -2*b + 5*z + 25 = -16, -4*z = 3*b - 4. What is the remainder when t is divided by b?
5
Suppose 5*x - 6*x + 6 = 0. Let f = x + -9. Calculate the remainder when 42 is divided by (30/4)/(f/(-6)).
12
Calculate the remainder when -2 - 99/(-4) - 25/(-20) is divided by 13.
11
Suppose -2*v + 133 = -19. Suppose -3*a + 53 + v = 0. Calculate the remainder when a is divided by 22.
21
Suppose -4*k - 3*q + 174 = -65, 4*k + q - 237 = 0. Let p = k + -43. Calculate the remainder when 28 is divided by p.
12
Let d = -477 - -484. Calculate the remainder when 7 is divided by d.
0
Let f(d) = d**3 + 8*d**2 - 3*d - 13. Calculate the remainder when 30 is divided by f(-8).
8
Suppose 8*s = -163 - 245. Calculate the remainder when (s/(-5))/(18/60) is divided by 12.
10
Let d(t) = 599*t + 4831. What is the remainder when d(-8) is divided by 3*5 - (-2 + 1)?
7
Suppose 8*z + 2*t - 98 = 3*z, -2*z + 20 = -4*t. What is the remainder when -2*(-2 - (-268)/(-8)) is divided by z?
17
Let t be (-2 - -2 - 5)*-1. Suppose t*z = 2*x + 137, 3*z - x = -2*z + 136. What is the remainder when z is divided by 15*(2/(-8) - 20/(-16))?
12
Let j(r) be the first derivative of -r**2/2 - 4*r + 1. Let x be j(-6). Suppose -2*f - x*f = -68. Calculate the remainder when f is divided by 9.
8
Suppose 4*v = -j + 9, 0 = 5*j + 5*v - 5 - 70. What is the remainder when 67 is divided by j?
16
Let f(i) = 3*i**3 - 10*i**2 - 8*i + 38. Calculate the remainder when 122 is divided by f(4).
8
Suppose -22 + 134 = y. Suppose 4*a + 2*m - 82 = 0, 2*a + 5*m - 67 = -2*a. Calculate the remainder when y is divided by a.
20
Let n(q) = -q**2 - q + 10. Let x be n(10). What is the remainder when 49/4 - (-5)/x*5 is divided by 7?
5
Suppose w - 4*t = -3*w + 172, 0 = 3*w + 4*t - 94. Suppose 0 = 5*u - 2*u - 15. Let n = 18 - u. What is the remainder when w is divided by n?
12
Let o(y) = -10*y + 14. Let g be o(10). What is the remainder when g/(-3)*24/16 is divided by 11?
10
What is the remainder when (2/(-3))/((-38)/4161) is divided by 15?
13
Suppose -5*z = -z - 128. Calculate the remainder when z is divided by ((-14)/(7 + -14))/((-4)/(-18)).
5
Suppose 0 = -2*n + 3*g + 21, 2*n = 7*n + 5*g - 115. Calculate the remainder when n is divided by 7*(4 + (-7 - -4)).
4
Calculate the remainder when 142 is divided by 4 - ((-42 - 6) + 4).
46
Let t(d) = -97*d - 342. Calculate the remainder when t(-5) is divided by 30.
23
Suppose g + 378 = 7*g. Let w = g + -48. What is the remainder when w is divided by 5?
0
Let q(v) = -v + 1. Suppose -16 = -4*k, 2*w + 0*k = -2*k - 12. Let c = 52 - 33. What is the remainder when c is divided by q(w)?
8
Let l(f) = 12*f + 77. Calculate the remainder when 57 is divided by l(-6).
2
Let j(t) = 7*t**2 + 67*t + 213. What is the remainder when 147 is divided by j(-3)?
72
What is the remainder when (1 - (-2 - -1)) + (135 - 17) is divided by 11?
10
Calculate the remainder when 78 is divided by (2 + 78/(-2))*(12 - 13).
4
Suppose -8*n + 6*n + 5*b + 102 = 0, 0 = 3*b + 12. Calculate the remainder when 110 is divided by n.
28
Let t(h) = h**3 + 6*h**2 + h + 4. Calculate the remainder when t(-4) is divided by 5.
2
Let x = -49 - -53. What is the remainder when 58 is divided by (-6)/24 - ((-69)/x)/1?
7
Let r = -54 - -62. What is the remainder when 18 is divided by r?
2
Let y = 10 - -2. Let q(g) = -78*g - 121. What is the remainder when q(-2) is divided by y?
11
Suppose -31*g + 238 = -41. What is the remainder when g is divided by (-14)/(-3) - (-4)/(-6)?
1
Let m(u) be the third derivative of u**5/30 + u**4/3 + u**3/3 + 9*u**2. What is the remainder when 5 is divided by m(-4)?
1
Let l = 118 + -91. Let k = -32 + 47. What is the remainder when l*(-5 + (-36)/(-6)) is divided by k?
12
Let f = -1543 + 1568. What is the remainder when 27 is divided by f?
2
Calculate the remainder when 198 is divided by 30/4*96/18.
38
Let z = 55 - 7. Calculate the remainder when 233 is divided by z.
41
Calculate the remainder when 72 is divided by 45/(-1*27/(-18)).
12
Let n(x) = x**3 + 4*x**2 + 2. Let g(i) = i + 5. Let u be g(-8). What is the remainder when 265/10*(8 - 6) is divided by n(u)?
9
Suppose -z - 18 = -4*z. Let s(g) = 2*g - 5. Let c(w) = -w**3 - 12*w**2 + 11*w - 15. Calculate the remainder when c(-13) is divided by s(z).
4
Let d(a) = a**3 - 6*a**2 + 29*a + 9. Calculate the remainder when d(5) is divided by 36.
21
Suppose -3*y + v + 42 = 0, 0 = -299*v + 300*v - 6. What is the remainder when y is divided by 2 + 4 - (-1 - -1)?
4
Suppose 4*b = 0, -5*b + 52 = 4*m - b. Suppose 0 = m*z - 27 - 77. Suppose -14 - 101 = -5*t. What is the remainder when t is divided by z?
7
What is the remainder when 405 is divided by (55 - 3) + (-3 + 2)/1?
48
Suppose -4*h + 3*s + 165 = 0, 4*h - 2*h = -4*s + 110. What is the remainder when 112 is divided by h?
22
Let l(u) = -23*u - 109. Suppose 36 = 4*p + 3*o - 5*o, 5*o = 3*p - 20. What is the remainder when l(-6) is divided by p?
9
Let q be (2 + 3/2)*(23 - 5). Let o = 65 - q. Let f = -8 - -13. What is the remainder when f is divided by o?
1
Suppose 4 - 26 = -2*v - 4*x, x + 5 = 3*v. Suppose -3*t - 93 = v*p - 8*p, 51 = 3*p + 3*t. Calculate the remainder when p is divided by 4.
2
Calculate the remainder when 75 is divided by 15 - (8/16)/((-1)/6).
3
Suppose 2*a - 3*f = -0*a + 98, 0 = -2*a + 4*f + 100. Suppose 101*q - 122*q + 147 = 0. Calculate the remainder when a is divided by q.
4
Let v(t) = t**2 + 6*t - 11. Let r be v(5). Let z = -6 + r. What is the remainder when 188 is divided by z?
36
Suppose 0 = -14*d - 1 + 29. Let x(n) = 3*n**3 - 3*n**2 - 3*n + 4. Calculate the remainder when 39 is divided by x(d).
9
Suppose 3*u + 81 = 6*u. Let s = 80 - 38. Suppose 2*r - s = -r. Calculate the remainder when u is divided by r.
13
Let i = 192 - 159. What is the remainder when i is divided by 7?
5
Let m(c) = -c**3 - 5*c**2 -